- k, -y + 3*k - 100 = 0. Let r be y/(-15) - 3/x. Let u(l) = -l**2 + 8*l - 2. Calculate u(r).
10
Suppose -64*p + 51*p = 0. Let u(c) = 12*c + 3. Calculate u(p).
3
Suppose 0 = -2*o + 4*o + 2. Let m be 104/12 - o/3. Let b(q) = q - 1 + q + m - q. Give b(-6).
2
Let s(t) be the first derivative of t**3/3 - 5*t**2/2 + 14*t - 283. Determine s(10).
64
Let p be (-4)/(-6) - 77/(-33). Let l(y) = y**2 + y + 2. Let j(n) = -4*n**2 - n - 3. Let h(b) = -j(b) - 3*l(b). What is h(p)?
0
Let w(m) = -3*m + 5. Let o(c) = 6*c - 9. Let u(a) = 4*o(a) + 7*w(a). Let k be 1 + (0 + -3 - -11). Suppose -3*x - 13 = -0*j - 4*j, 2*j = -x + k. Calculate u(x).
2
Let o(g) = -g**3 + g**2 - g + 3. Let y be o(0). Let t(x) = 4 + y - 3 + x - 3. Give t(-9).
-8
Let x(w) = -2*w**2 - w - 2. Let o(h) = h + 12. Let m be o(6). Let b = 16 - m. Determine x(b).
-8
Let b(y) = 27*y**3 + 4*y**2 - 14*y**3 - 7*y**3 - 7*y**3 + 6*y - 4. Let o be 4/14 + (-33)/(-7). Calculate b(o).
1
Let v(u) = -u**3 + 18*u**2 + 9. Let d = -2534 - -2552. Determine v(d).
9
Suppose -5*b = 3*z + 28, z = -b + 2*b + 4. Let v(t) be the first derivative of -3*t**2 + 2 - 3*t - 2*t**3 - 1/4*t**4. Give v(b).
2
Let m(x) = -x - 23. Let y(h) = -4*h - 62. Let p(q) = -3*m(q) + y(q). What is p(3)?
4
Let j(p) = -7 - 1 - p - 2 - 4 + p**3 + 4 - p**2. Calculate j(0).
-10
Let f(r) = r + 12. Let n be f(-8). Let b(d) = 3*d**2 + 11*d - 3. Let w(l) = 4*l**2 + 12*l - 4. Let t(z) = n*w(z) - 5*b(z). What is t(7)?
-1
Let i(t) = t**2 - 13*t + 25. Suppose -5*b + 19 = 2*g, -64*b + 63*b = 4*g - 47. Calculate i(g).
13
Let r(j) = -233 + 125 + 2*j + 134. Determine r(-10).
6
Let z(n) = -4*n**2 - 6. Let r(h) = -73*h + 5*h**2 + 73*h - 2*h**2 + 6. Let k be (-2)/9 - (-60)/27. Let v(y) = k*z(y) + 3*r(y). Determine v(0).
6
Let i(c) be the second derivative of -c**3/6 + 9*c**2/2 - 2*c - 2600. Suppose 0 = -4*k - 2*t, -2*k - 2*t = -4*k. Give i(k).
9
Let l(n) be the third derivative of n**4/24 + 2*n**3/3 + 5*n**2. Let x be 3 + (-5)/(1 + -6). Let c be (x + 24/(-5))*5. Determine l(c).
0
Let x(c) = 9 + 2 + 0*c - 4*c + 1. Let r(b) = -b + 1. Let y(w) = -3*r(w) + x(w). Let v be y(12). Let a(m) = -2*m**2 - 3*m. Determine a(v).
-9
Let f(u) = 3*u - 141. Let p be f(42). Let r(q) = -2*q - 34. What is r(p)?
-4
Let j(l) be the third derivative of -l**4/24 + 3*l**3/2 - 3*l**2. Let m be 4/(-14) - (-10)/35. Give j(m).
9
Let h(j) = -5*j**2 + 2*j + 1. Let o = -2033 + 2032. Calculate h(o).
-6
Let b(x) be the first derivative of 26 - 2*x**3 + 3/2*x**2 + x + 1/4*x**4. Determine b(3).
-17
Suppose b - 3*b = 4. Let v be (-3 - -1)*(-1)/b*2. Let f(h) = h**3 + 2*h**2 - 2*h - 1. Give f(v).
3
Let m be (-8)/3*(-54)/24. Let n(o) = o**2 - 5*o - 4. Calculate n(m).
2
Let w(y) = -y**2 - 8*y - 10. Let q(z) = -z**2 - 2. Let o(r) = -2*q(r) + w(r). Let g be 14/(0 + 2) + 1. What is o(g)?
-6
Let r(i) = 4*i**3 + i**2 + i + 1. Suppose -2*d = 4*z, 9*z = 4*z - 3*d - 1. Suppose 0 = -4*v - 5 + z. Determine r(v).
-3
Let b(p) = -p - 15. Let w(t) = -6*t - 99. Let l(x) = 13*b(x) - 2*w(x). What is l(-2)?
5
Let o(x) = 28*x**3. Let s(i) = 7*i**2 - 338*i + 97. Let u be s(48). Give o(u).
28
Let h(l) be the second derivative of -l**3/6 + 13*l**2/2 - 7*l. Let p be h(9). Let z(f) = f**2 - 6*f + 5. Give z(p).
-3
Let w(a) be the third derivative of -a**5/60 - 13*a**4/24 + 2*a**3 + 3*a**2 - 3*a. Determine w(-10).
42
Let f(n) = -3*n**3 - 11*n**2 - 6*n - 4. Let j(a) be the first derivative of -a**4/2 - 10*a**3/3 - 3*a**2 - 5*a - 9. Let s(i) = 3*f(i) - 4*j(i). Give s(8).
-8
Let y(u) = u + 16. Let z(s) = -2*s - 31. Let a(b) = -11*y(b) - 6*z(b). Suppose -21 = 4*w + 7*w - 8*w. What is a(w)?
3
Let g(z) be the first derivative of 33 - 1/2*z**2 + z. Give g(5).
-4
Let v(i) = 12*i - 7*i + 32 - 36. What is v(-4)?
-24
Let p(r) = -3*r**3 + r**2 + 2*r. Let q = 69 + -67. Determine p(q).
-16
Let x(o) = o**2 + 3*o - 3. Let d(v) = -v**2 - 6*v + 5. Let h be d(-6). Suppose -h*b - 4 = -3*b. Let y(j) = -j**3 - j**2 + 2*j + 2. Let p be y(b). Give x(p).
7
Let g = 209 + -207. Suppose 7 = -w + 22. Let d(y) = 5*y**g - 10 + w + y + 2*y**2 + y**3. Determine d(-7).
-2
Suppose -400 = 7*b - 358. Let h(x) = -x**2 - 5*x + 3. Calculate h(b).
-3
Let h(l) = 6*l**2 - 1. Let q(o) = -29*o**2 - o + 5. Let d(c) = -c**3 - c**2 + 4*c + 5. Let r be d(-3). Let u(y) = r*h(y) + 2*q(y). Give u(-1).
9
Suppose 5*m - 31 = 4. Let u(v) = -v**2 + 8*v. Let r be u(m). Let g(p) = -5*p - 2 + 3 - 6 + 4*p**2 - 3*p**2. Calculate g(r).
9
Let q = -117 - -121. Suppose -q*j + 40 = -4*i, -16 = -i - 5*j - 2. Let d(z) = 2*z**2 + 7*z - 6. What is d(i)?
24
Let k = 967 + -961. Let v(s) = s - 12. Calculate v(k).
-6
Let u(p) = -12*p**2 + 2*p - 1. Let t(v) = 31*v**2 + v + 2. Let s be t(-1). Suppose -4*l + 2 = -b - 132, 124 = 4*l + 4*b. Let c = l - s. Give u(c).
-11
Let c = -16 - -115. Let j = -97 + c. Let o(r) = 4*r - 3. Determine o(j).
5
Let k(u) be the first derivative of u**3/6 - 19*u - 8. Let x(o) be the first derivative of k(o). Determine x(6).
6
Let w(a) = 2*a - 8. Let k(l) = -12*l + 24. Let s(u) = -u + 1. Let m(p) = k(p) - 8*s(p). Let b(x) = 6*m(x) + 13*w(x). Give b(7).
6
Let g(m) = -m**3 + 5*m**2 - 3*m - 4. Let f(x) be the first derivative of -x**2/2 + 6*x - 16. Let t be f(2). What is g(t)?
0
Let o(t) = -3*t**3 - 5*t**2 + 6*t - 9. Let j(l) = 17*l**3 + 25*l**2 - 33*l + 46. Let i(x) = -2*j(x) - 11*o(x). What is i(6)?
-29
Let z(b) be the third derivative of 1/12*b**4 + 1/3*b**3 - 11*b**2 + 0 + 0*b. Determine z(-5).
-8
Let u(o) be the second derivative of o**7/420 - o**6/72 + o**5/60 - o**4/24 + 11*o**3/6 - 18*o. Let p(f) be the second derivative of u(f). What is p(3)?
14
Suppose -2*j - 4 + 6 = 0. Let t(z) = 2*z - 7. Let q be t(7). Let v(x) = q*x**3 - 2*x + 1 + x**2 + x - 1. Calculate v(j).
7
Suppose 4*f = 4*w - 40, f + 22 = 4*w + 3*f. Let m(g) = -g**2 + 5*g + 3. What is m(w)?
-11
Let q(a) be the second derivative of 2*a**3/3 + a**2/2 - a. Let s be -1*(-10)/8*140/35. Suppose -6 = -s*v - 16. What is q(v)?
-7
Suppose 0 = 4*r + x - 4*x + 10, x = 2. Let k(o) = 5*o**2 - o - 1. Let l be k(r). Let a(y) = y**3 - 5*y**2 + 5*y - 6. What is a(l)?
19
Let x(m) = -22 - 64*m**2 + 118*m**2 - m + 10*m**3 - 73*m**2. Let j(h) = -7*h**3 + 13*h**2 + h + 15. Let b(v) = -7*j(v) - 5*x(v). What is b(4)?
-3
Let m(n) be the third derivative of 1/4*n**4 + 0 - 2/15*n**5 + 1/120*n**6 - 14*n**2 - 1/3*n**3 + 0*n. What is m(7)?
-9
Let b(q) = -4*q + 1. Suppose -5*r - 4*c + 57 = 0, -22 = -3*r - 3*c + 11. Suppose 16 = -r*w + 3. What is b(w)?
5
Suppose 0 = -6*i - o - 51, 4*o + 5 - 1 = i. Let b(n) = -n**2 - 4*n + 17. Calculate b(i).
-15
Let d(k) = -2*k - 5. Let v(t) = t**2 - 2*t + 4. Let q be v(3). Suppose -i - q = -2. What is d(i)?
5
Let u(y) = -3*y + 22. Let g(l) = 12*l - 64. Let h(r) = -2*g(r) - 7*u(r). Calculate h(-11).
7
Let b = -2 + 1. Let q(l) be the third derivative of -l**6/120 - l**5/120 - 5*l**4/24 - 8*l**2. Let c(y) be the second derivative of q(y). Give c(b).
5
Let m = -1830 + 1822. Let s(z) = -z**2 - 5*z + 7. Calculate s(m).
-17
Let h(m) = 8*m + 3. Let v(q) = -10*q - 3. Let j(y) = 3*h(y) + 2*v(y). Give j(-2).
-5
Let t(b) = -b**2 - 2. Let d(r) = -7*r**2 - 6*r - 14. Let n(z) = d(z) - 6*t(z). Give n(-4).
6
Let u(d) be the second derivative of d**4/12 + 2*d**3/3 + 2*d**2 + 2*d. Suppose -23*q + 24*q + 24 = -5*s, 0 = 4*s + 16. What is u(q)?
4
Let r(l) = -l**3 - 10*l**2 + 7*l + 11. Suppose 79*u - 84*u - 46 = -2*p, -u - 5*p = 20. Give r(u).
-59
Suppose -2*x - 43 = 5*z - 55, 0 = -2*x - 2*z. Let d(i) = -i**3 - 5*i**2 - 3*i - 7. What is d(x)?
-11
Suppose -q - o + 9 = 0, -q - 2*q + 4*o - 1 = 0. Suppose -2*g + 20 = 3*s - 0*g, 20 = q*g. Let x(i) = -s*i - i + i**2 + 3*i**3 - 2 + i**2 - 2*i**3. What is x(-3)?
4
Let q(j) = -j. Suppose -s - 4*s + 4*a = -13, 2*s - a - 7 = 0. Let g(b) = 5*b + 2 + 2 - s + 4. Let i be g(-2). Determine q(i).
7
Let v(o) be the first derivative of 1/3*o**3 - 10 - 9/2*o**2 + 6*o. Calculate v(7).
-8
Let w be 51/(-5) - (22/(-10) + 3). Let a(i) = i**2 + 11*i + 1. Give a(w).
1
Let k(h) = -2 + h + 0*h - 3. Suppose 59 + 106 = -33*s. Give k(s).
-10
Let k(l) = -11*l**2 - 23*l - 30. Let v(y) = -5*y**2 - 11*y - 15. Let q(g) = 6*k(g) - 13*v(g). Let d(f) be the first derivative of q(f). Give d(6).
-7
Let u(o) = 5*o - 3*o + 1362 - 1356 + 2*o + o**3 + 5*o**2. Calculate u(-4).
6
Let j(w) = 2*w + 30 + 8*w - 2*w - 7*w + w. Wha